{"id":740,"date":"2020-11-20T03:24:07","date_gmt":"2020-11-20T03:24:07","guid":{"rendered":"http:\/\/teruel2022.congresotaee.es\/?page_id=740"},"modified":"2022-06-01T13:00:06","modified_gmt":"2022-06-01T13:00:06","slug":"pricing-faq","status":"publish","type":"page","link":"https:\/\/teruel2022.congresotaee.es\/?page_id=740","title":{"rendered":"Pricing &#038; FAQ"},"content":{"rendered":"\n\n\t<h1>\n\t\t\t\t\tRegistro\n\t\t\t\t<\/h1>\n\t\t\t<p>Reg\u00edstrate para asistir al XV Congreso Internacional TAEE<\/p>\n\t<h6>\n\t\t\t\t\tXV Congreso TAEE\n\t\t\t\t<\/h6>\n\t<h2>\n\t\t\t\t\tPrecios del registro\n\t\t\t\t<\/h2>\n\t<h6><strong>Asistencia presencial <\/strong>(opci\u00f3n por defecto)<\/h6>\n<ul>\n<li>Cuota <strong>general<\/strong>: 450 \u20ac<\/li>\n<li>Cuota <strong>reducida<\/strong> (miembros IEEE o asociaci\u00f3n TAEE*): 400 \u20ac<\/li>\n<li>Cuota <strong>estudiantes<\/strong>: 300 \u20ac (no incluye regalo)<\/li>\n<li>Cuota <strong>estudiantes reducida<\/strong> (miembros IEEE o asociaci\u00f3n TAEE*): 275 \u20ac (no incluye regalo)<\/li>\n<li>Cuota profesionales de <strong>ense\u00f1anzas medias \/ formaci\u00f3n profesional<\/strong>: 100 \u20ac (no incluye manutenci\u00f3n, actos sociales, ni regalo). <em>Nota<\/em>: Esta es una cuota muy minoritaria destinada exclusivamente a profesores NO universitarios que presenten experiencias NO universitarias. Los profesores\/investigadores\/estudiantes universitarios deben seleccionar alguna de las otras cuotas del listado (las normales y habituales en este congreso). Esta cuota no es para ellos.<\/li>\n<li>Cuota <strong>oyentes <\/strong>\/ acompa\u00f1antes (sin env\u00edo de trabajo): 250 \u20ac (no incluye regalo)<\/li>\n<\/ul>\n<h6><strong>Asistencia on-line<\/strong> (opci\u00f3n disponible para autores de pa\u00edses no europeos si as\u00ed lo prefieren. Tambi\u00e9n para estudiantes si as\u00ed lo prefieren. Para el resto de autores, se aceptar\u00e1 tambi\u00e9n un porcentaje de comunicaciones presentadas on-line).<\/h6>\n<ul>\n<li>Cuota <strong>general<\/strong>: 350 \u20ac<\/li>\n<li>Cuota\u00a0<strong>reducida<\/strong>:\u00a0\u00a0(miembros IEEE o asociaci\u00f3n TAEE*): 300 \u20ac<\/li>\n<li>Cuota <strong>reducida<\/strong> para <strong>pa\u00edses en v\u00edas de desarrollo<\/strong> que opten por la modalidad online: 200 \u20ac (se aplicar\u00e1 esta cuota a los autores de los pa\u00edses catalogados como &#8220;Developing economies&#8221; o &#8220;Transition economies&#8221; seg\u00fan la clasificaci\u00f3n de <a href=\"https:\/\/unctadstat.unctad.org\/en\/Classifications\/DimCountries_DevelopmentStatus_Hierarchy.pdf\" target=\"_blank\" rel=\"noopener\">UNCTAD)<\/a><\/li>\n<li>Cuota\u00a0<strong>estudiantes<\/strong>: 200 \u20ac<\/li>\n<li>Cuota\u00a0<strong>estudiantes reducida\u00a0<\/strong>(miembros IEEE o asociaci\u00f3n TAEE*): 175 \u20ac<\/li>\n<li>Cuota profesionales de <strong>ense\u00f1anzas medias \/ formaci\u00f3n profesional<\/strong>: 75 \u20ac<\/li>\n<li>Cuota <strong>oyentes <\/strong>(sin env\u00edo de trabajo): 75 \u20ac<\/li>\n<\/ul>\n<p>(*) Cuota de la Asociaci\u00f3n TAEE: 25\u20ac. M\u00e1s informaci\u00f3n en <a href=\"http:\/\/taee.etsist.upm.es\/\" target=\"_blank\" rel=\"noopener\">este enlace<\/a>. Formulario de inscripci\u00f3n en la asociaci\u00f3n TAEE <a href=\"http:\/\/taee.etsist.upm.es\/solicitud-de-alta-en-la-asociacion-taee\" target=\"_blank\" rel=\"noopener\">aqu\u00ed<\/a> . Se anima a todos los profesionales (profesores e investigadores universitarios y tambi\u00e9n a los profesores de Ense\u00f1anzas Medias y Formaci\u00f3n Profesional) a inscribirse en la Asociaci\u00f3n TAEE.<\/p>\n\t<h6>\n\t\t\t\t\tXV Congreso TAEE\n\t\t\t\t<\/h6>\n\t<h2>\n\t\t\t\t\tAcceso al registro\n\t\t\t\t<\/h2>\n\t<h4>Para registrarte tienes que ir a la <strong><a href=\"https:\/\/store.i3a.es\/es\/\" target=\"_blank\" rel=\"noopener\">Aplicaci\u00f3n de Registro <\/a><\/strong>(tienda del I3A, uno de los organizadores del Congreso)<\/h4>\n\t<p><em>Nota\u00a0importante para asistentes de pa\u00edses latinoamericanos<\/em>: La aplicaci\u00f3n de registro est\u00e1 teniendo algunos problemas en algunas \u00e1reas geogr\u00e1ficas que estamos en proceso de resoluci\u00f3n. Si al realizar el registro o el pago aparece un mensaje de error, por favor, borren datos de navegaci\u00f3n o usen otro navegador diferente y entren sin cambiar de idioma. Si a\u00fan as\u00ed sigue produci\u00e9ndose alg\u00fan fallo, por favor, contacte con los organizadores del Congreso (correos electr\u00f3nicos:\u00a0<em><a href=\"mailto:inmap@unizar.es\" target=\"_blank\" rel=\"noopener noreferrer\">inmap@unizar.es<\/a><\/em>\u00a0y\u00a0<em><a href=\"mailto:rigual@unizar.es\" target=\"_blank\" rel=\"noopener noreferrer\">rigual@<wbr \/>unizar.es<\/a><\/em>\u00a0). Disculpen las molestias.<\/p>\n\t<h6>\n\t\t\t\t\tXV Congreso TAEE\n\t\t\t\t<\/h6>\n\t<h2>\n\t\t\t\t\tPreguntas frecuentes\n\t\t\t\t<\/h2>\n\t\t\t<p>Respondemos a algunas de las dudas m\u00e1s habituales<\/p>\n\t<h6>\n\t\t\t\t\t\u00bfHasta cu\u00e1ndo me puedo registrar?\n\t\t\t\t<\/h6>\n\t\t\t\n\t<h6>\n\t\t\t\t\tEstoy tratando de registrame y me aparece un mensaje de &#8220;Error fatal&#8221;, \u00bfqu\u00e9 hago?\n\t\t\t\t<\/h6>\n\t\t\t<p><strong>Contacte con los organizadores<\/strong> y le indicar\u00e1n como proceder (<strong>correos electr\u00f3nicos<\/strong>: <em>inmap@unizar.es<\/em> y<em> rigual@unizar.es<\/em> ). La aplicaci\u00f3n de registro est\u00e1 teniendo algunos problemas en una serie de pa\u00edses muy concretos. Estamos en proceso de resoluci\u00f3n.\u00a0<\/p>\n\t<h6>\n\t\t\t\t\t\u00bfCu\u00e1ntas comunicaciones se pueden presentar con un registro?\n\t\t\t\t<\/h6>\n\t\t\t<p>En asistencia <strong>presencial<\/strong>, un registro da derecho a presentar <strong>dos comunicaciones<\/strong>. En asistencia <strong>online<\/strong>, un registro da derecho a presentar <strong>una comunicaci\u00f3n<\/strong>.<\/p>\n<p><strong>En ambos casos<\/strong>, con el mismo registro se podr\u00e1 presentar tambi\u00e9n <strong>una comunicaci\u00f3n adicional<\/strong> abonando una tasa de 50 \u20ac.<\/p>\n\t<h6>\n\t\t\t\t\t\u00bfD\u00f3nde elijo la modalidad de asistencia (presencial u online)?\n\t\t\t\t<\/h6>\n\t\t\t<p>Tendr\u00e1s la opci\u00f3n de seleccionarla en el formulario de env\u00edo de trabajos.<\/p>\n<p>Para autores no europeos (y para estudiantes de cualquier procedencia) ambas modalidades tendr\u00e1n el mismo nivel de prioridad. Para el resto de autores, la modalidad por defecto es la presencial, acept\u00e1ndose un porcentaje de presentaciones en modalidad on-line. Por supuesto, si seleccionas la modalidad presencial y la situaci\u00f3n sanitaria no permite tu asistencia, tendr\u00e1s la opci\u00f3n de modificarla.<\/p>\n\t<h6>\n\t\t\t\t\t\u00bfQu\u00e9 incluye la cuota presencial del Congreso?\n\t\t\t\t<\/h6>\n\t\t\t<p>La cuota presencial incluye: publicaci\u00f3n de los trabajos en libro de res\u00famenes, libro de actas e IEEE Xplore (para los que lo elijan); caf\u00e9s, comidas, actos sociales, cena de gala y regalo.<\/p>\n\n","protected":false},"excerpt":{"rendered":"<p>Registro Reg\u00edstrate para asistir al XV Congreso Internacional TAEE XV Congreso TAEE Precios del registro Asistencia presencial (opci\u00f3n por defecto) Cuota general: 450 \u20ac Cuota reducida (miembros IEEE o asociaci\u00f3n TAEE*): 400 \u20ac Cuota estudiantes: 300 \u20ac (no incluye regalo) Cuota estudiantes reducida (miembros IEEE o asociaci\u00f3n TAEE*): 275 \u20ac (no incluye regalo) Cuota profesionales &hellip;<\/p>\n<p class=\"read-more\"> <a class=\"\" href=\"https:\/\/teruel2022.congresotaee.es\/?page_id=740\"> <span class=\"screen-reader-text\">Pricing &#038; FAQ<\/span> Read More &raquo;<\/a><\/p>\n","protected":false},"author":1,"featured_media":0,"parent":0,"menu_order":0,"comment_status":"closed","ping_status":"closed","template":"","meta":{"om_disable_all_campaigns":false,"_monsterinsights_skip_tracking":false,"_monsterinsights_sitenote_active":false,"_monsterinsights_sitenote_note":"","_monsterinsights_sitenote_category":0,"footnotes":""},"class_list":["post-740","page","type-page","status-publish","hentry"],"_links":{"self":[{"href":"https:\/\/teruel2022.congresotaee.es\/index.php?rest_route=\/wp\/v2\/pages\/740","targetHints":{"allow":["GET"]}}],"collection":[{"href":"https:\/\/teruel2022.congresotaee.es\/index.php?rest_route=\/wp\/v2\/pages"}],"about":[{"href":"https:\/\/teruel2022.congresotaee.es\/index.php?rest_route=\/wp\/v2\/types\/page"}],"author":[{"embeddable":true,"href":"https:\/\/teruel2022.congresotaee.es\/index.php?rest_route=\/wp\/v2\/users\/1"}],"replies":[{"embeddable":true,"href":"https:\/\/teruel2022.congresotaee.es\/index.php?rest_route=%2Fwp%2Fv2%2Fcomments&post=740"}],"version-history":[{"count":56,"href":"https:\/\/teruel2022.congresotaee.es\/index.php?rest_route=\/wp\/v2\/pages\/740\/revisions"}],"predecessor-version":[{"id":2039,"href":"https:\/\/teruel2022.congresotaee.es\/index.php?rest_route=\/wp\/v2\/pages\/740\/revisions\/2039"}],"wp:attachment":[{"href":"https:\/\/teruel2022.congresotaee.es\/index.php?rest_route=%2Fwp%2Fv2%2Fmedia&parent=740"}],"curies":[{"name":"wp","href":"https:\/\/api.w.org\/{rel}","templated":true}]}}