{"id":1676,"date":"2022-03-08T09:06:15","date_gmt":"2022-03-08T09:06:15","guid":{"rendered":"https:\/\/teruel2022.congresotaee.es\/?page_id=1676"},"modified":"2022-06-09T08:56:53","modified_gmt":"2022-06-09T08:56:53","slug":"contact-copy-3-copy","status":"publish","type":"page","link":"https:\/\/teruel2022.congresotaee.es\/?page_id=1676&lang=pt","title":{"rendered":"Copia de Sede"},"content":{"rendered":"\n\n\t<h1>\n\t\t\t\t\tComo chegar e alojamento\n\t\t\t\t<\/h1>\n\t\t\t<p>Como chegar a Teruel e algumas acomoda\u00e7\u00f5es recomendadas<\/p>\n\t<h2>\n\t\t\t\t\tAlojamento\n\t\t\t\t<\/h2>\n\t\t\t<p>Em Teruel encontrar\u00e1 v\u00e1rios hot\u00e9is e alojamentos. Aqui inclu\u00edmos a lista de alguns deles com pre\u00e7os acordados com a Universidade.<\/p>\n<hr \/>\n<p>\u00a0<\/p>\n\n<p>C\/ Atarazana 6, 44003 TERUEL \/ 978 61 81 31<\/p>\n\n\n\n\n<p>Como fazer a reserva: Diretamente no <a href=\"https:\/\/cmps.unizar.es\/estancias-ocasionales\" target=\"_blank\" rel=\"noopener\">site da resid\u00eancia<\/a>.<\/p>\n\n<hr \/>\n<p>\u00a0<\/p>\n\n<p>Paseo del Ovalo, 1 44001 TERUEL \/ 978 606 860<\/p>\n\n\n<hr \/>\n<p>\u00a0<\/p>\n<p><strong><a href=\"https:\/\/www.hoteltoricoplaza.com\/\" target=\"_blank\" rel=\"noopener\">TORICO PLAZA<\/a> ***<\/strong><br \/>C\/Yag\u00fce de Salas, 5 44001 TERUEL \/ 978 608655<\/p>\n\n<p><em>Como fazer a reserva<\/em>: Diretamente <a href=\"https:\/\/www.hoteltoricoplaza.com\/\" target=\"_blank\" rel=\"noopener\">no hotel<\/a>, indicando que se trata de uma reserva para &#8220;TAEE2022&#8221;. Estes pre\u00e7os s\u00e3o mantidos apenas para os dias do Congresso.<\/p>\n\n<hr \/>\n<p>\u00a0<\/p>\n\n\n\n<p><em>Como fazer a reserva<\/em>: Diretamente <a href=\"https:\/\/hotelteruelplaza.com\/\" target=\"_blank\" rel=\"noopener\">no hotel<\/a>, indicando que se trata de uma reserva para &#8220;TAEE2022&#8221;. Estes pre\u00e7os s\u00e3o mantidos apenas para os dias do Congresso.<\/p>\n\n<hr \/>\n<p>\u00a0<\/p>\n\n\n<p><em>Como fazer a reserva<\/em>: Diretamente <a href=\"https:\/\/www.hotelciverateruel.com\/\" target=\"_blank\" rel=\"noopener\">no hotel<\/a>, indicando que se trata de uma reserva para &#8220;TAEE2022&#8221;. Estes pre\u00e7os s\u00e3o mantidos apenas para os dias do Congresso.<\/p>\n\n<hr \/>\n\t<h2>\n\t\t\t\t\tComo chegar a Teruel\n\t\t\t\t<\/h2>\n\t\t\t<p>Indicamos algumas das formas de chegar a Teruel nos meios de transporte mais comuns:<\/p>\n<p>\u00a0<\/p>\n\n<p>Em Teruel convergem tr\u00eas vias de comunica\u00e7\u00e3o rodovi\u00e1ria:<\/p>\n<p>\u00a0 \u00a0 \u00a0 \u00a0\u00b7 A autoestrada A-23 que liga Teruel a Val\u00eancia e Zaragoza.<\/p>\n<p>\u00a0 \u00a0 \u00a0 \u00a0\u00b7 A N-330 nacional que liga Teruel a Cuenca e o sudoeste da Pen\u00ednsula Ib\u00e9rica.<\/p>\n<p>\u00a0 \u00a0 \u00a0 \u00a0\u00b7 A N-420 nacional que liga Teruel a Alca\u00f1iz e o nordeste da Pen\u00ednsula Ib\u00e9rica.<\/p>\n<p>Consulte <a href=\"https:\/\/www.google.es\/maps\/?hl=es\" target=\"_blank\" rel=\"noopener\">aqui<\/a> a melhor forma de chegar a Teruel.<\/p>\n<hr \/>\n<p>\u00a0<\/p>\n\n<p>Teruel tem liga\u00e7\u00e3o direta com Val\u00eancia e Zaragoza (e outras cidades\/vilas entre elas).<\/p>\nPara\u00a0as restantes\u00a0cidades, voc\u00ea deve\u00a0fazer transbordo\u00a0em uma dessas duas cidades. Voc\u00ea pode conferir os hor\u00e1rios atualizados dos trens e as combina\u00e7\u00f5es dispon\u00edveis na <a href=\"https:\/\/www.renfe.com\/es\/en\" target=\"_blank\" rel=\"noopener\">p\u00e1gina da RENFE<\/a>.\n<hr \/>\n<p>\u00a0<\/p>\n\n<p>Teruel tem uma liga\u00e7\u00e3o direta di\u00e1ria com <a href=\"https:\/\/samar.es\/\" target=\"_blank\" rel=\"noopener\">Valencia<\/a>,\u00a0<a href=\"https:\/\/jimenezmovilidad.es\/\" target=\"_blank\" rel=\"noopener\">Zaragoza<\/a>,\u00a0<a href=\"https:\/\/samar.es\/\" target=\"_blank\" rel=\"noopener\">Madrid<\/a>,\u00a0<a href=\"https:\/\/web.bilmanbus.es\/\" target=\"_blank\" rel=\"noopener\">Bilbao<\/a>,\u00a0<a href=\"https:\/\/samar.es\/\" target=\"_blank\" rel=\"noopener\">Guadalajara<\/a>,\u00a0<a href=\"https:\/\/web.bilmanbus.es\/\" target=\"_blank\" rel=\"noopener\">Pamplona<\/a>,\u00a0<a href=\"https:\/\/taquilla.jimenezmovilidad.es\/\" target=\"_blank\" rel=\"noopener\">Alicante<\/a>,\u00a0<a href=\"https:\/\/web.bilmanbus.es\/\" target=\"_blank\" rel=\"noopener\">San Sebasti\u00e1n<\/a>,\u00a0<a href=\"https:\/\/web.bilmanbus.es\/\" target=\"_blank\" rel=\"noopener\">Vitoria<\/a>,\u00a0<a href=\"https:\/\/jimenezmovilidad.es\/\" target=\"_blank\" rel=\"noopener\">Murcia<\/a>,\u00a0<a href=\"https:\/\/web.bilmanbus.es\/\" target=\"_blank\" rel=\"noopener\">Ir\u00fan<\/a>,\u00a0<a href=\"https:\/\/web.bilmanbus.es\/\" target=\"_blank\" rel=\"noopener\">Tolosa<\/a>,\u00a0<a href=\"https:\/\/samar.es\/\" target=\"_blank\" rel=\"noopener\">Alcal\u00e1 de Henares<\/a>,\u00a0<a href=\"https:\/\/www.hife.es\/\" target=\"_blank\" rel=\"noopener\">Alca\u00f1iz<\/a> ou\u00a0<a href=\"https:\/\/samar.es\/\" target=\"_blank\" rel=\"noopener\">Sagunto<\/a>, entre outros.<\/p>\n<p>Tamb\u00e9m tem liga\u00e7\u00f5esem\u00a0alguns dias da semana com Barcelona (operam duas empresas de autocarros: <a href=\"https:\/\/www.hife.es\/\" target=\"_blank\" rel=\"noopener\">Hife<\/a> e\u00a0<a href=\"https:\/\/samar.es\/\" target=\"_blank\" rel=\"noopener\">Samar<\/a>),\u00a0 <a href=\"https:\/\/samar.es\/\" target=\"_blank\" rel=\"noopener\">Cuenca<\/a>,\u00a0 <a href=\"https:\/\/www.hife.es\/\" target=\"_blank\" rel=\"noopener\">Lleida<\/a>,\u00a0 <a href=\"https:\/\/samar.es\/\" target=\"_blank\" rel=\"noopener\">Tarragona<\/a>,\u00a0 <a href=\"https:\/\/www.hife.es\/\" target=\"_blank\" rel=\"noopener\">Castell\u00f3n<\/a>,\u00a0 <a href=\"https:\/\/web.bilmanbus.es\/\" target=\"_blank\" rel=\"noopener\">Santander<\/a>,\u00a0 <a href=\"https:\/\/jimenezmovilidad.es\/\" target=\"_blank\" rel=\"noopener\">Cartagena<\/a>,\u00a0 <a href=\"https:\/\/www.hife.es\/\" target=\"_blank\" rel=\"noopener\">Reus<\/a>,\u00a0 <a href=\"https:\/\/www.hife.es\/\" target=\"_blank\" rel=\"noopener\">Salou,<\/a>\u00a0 <a href=\"https:\/\/taquilla.jimenezmovilidad.es\/\" target=\"_blank\" rel=\"noopener\">Benidorm<\/a>\u00a0 ou\u00a0 <a href=\"https:\/\/taquilla.jimenezmovilidad.es\/\" target=\"_blank\" rel=\"noopener\">Gand\u00eda<\/a>, entre outras.<\/p>\n<p>Para quaisquer outros destinos, voc\u00ea pode verificar se est\u00e1 dispon\u00edvel\u00a0<a href=\"https:\/\/www.alsa.es\/\" target=\"_blank\" rel=\"noopener\">aqui<\/a>.\u00a0<\/p>\n<hr \/>\n<p>\u00a0<\/p>\n\n<p>Os aeroportos mais pr\u00f3ximos de Teruel s\u00e3o <a href=\"https:\/\/www.aeropuerto-valencia.com\/\" target=\"_blank\" rel=\"noopener\">Val\u00eancia-Manises<\/a> e <a href=\"https:\/\/www.aeropuertodezaragoza.net\/es\/\" target=\"_blank\" rel=\"noopener\">Zaragoza<\/a>. Para chegar a Teruel mais tarde, voc\u00ea pode usar o trem ou o \u00f4nibus (ambos os meios de transporte t\u00eam v\u00e1rias liga\u00e7\u00f5es di\u00e1rias de Val\u00eancia e Zaragoza a Teruel). Tamb\u00e9m \u00e9 poss\u00edvel utilizar um ve\u00edculo alugado devido \u00e0 proximidade destes aeroportos a Teruel.<\/p>\n<hr \/>\n\n","protected":false},"excerpt":{"rendered":"<p>Como chegar e alojamento Como chegar a Teruel e algumas acomoda\u00e7\u00f5es recomendadas Alojamento Em Teruel encontrar\u00e1 v\u00e1rios hot\u00e9is e alojamentos. Aqui inclu\u00edmos a lista de alguns deles com pre\u00e7os acordados com a Universidade. \u00a0 C\/ Atarazana 6, 44003 TERUEL \/ 978 61 81 31 Como fazer a reserva: Diretamente no site da resid\u00eancia. \u00a0 Paseo &hellip;<\/p>\n<p class=\"read-more\"> <a class=\"\" href=\"https:\/\/teruel2022.congresotaee.es\/?page_id=1676&#038;lang=pt\"> <span class=\"screen-reader-text\">Copia de Sede<\/span> Read More &raquo;<\/a><\/p>\n","protected":false},"author":1,"featured_media":0,"parent":0,"menu_order":0,"comment_status":"closed","ping_status":"closed","template":"","meta":{"om_disable_all_campaigns":false,"_monsterinsights_skip_tracking":false,"_monsterinsights_sitenote_active":false,"_monsterinsights_sitenote_note":"","_monsterinsights_sitenote_category":0,"footnotes":""},"class_list":["post-1676","page","type-page","status-publish","hentry"],"_links":{"self":[{"href":"https:\/\/teruel2022.congresotaee.es\/index.php?rest_route=\/wp\/v2\/pages\/1676","targetHints":{"allow":["GET"]}}],"collection":[{"href":"https:\/\/teruel2022.congresotaee.es\/index.php?rest_route=\/wp\/v2\/pages"}],"about":[{"href":"https:\/\/teruel2022.congresotaee.es\/index.php?rest_route=\/wp\/v2\/types\/page"}],"author":[{"embeddable":true,"href":"https:\/\/teruel2022.congresotaee.es\/index.php?rest_route=\/wp\/v2\/users\/1"}],"replies":[{"embeddable":true,"href":"https:\/\/teruel2022.congresotaee.es\/index.php?rest_route=%2Fwp%2Fv2%2Fcomments&post=1676"}],"version-history":[{"count":11,"href":"https:\/\/teruel2022.congresotaee.es\/index.php?rest_route=\/wp\/v2\/pages\/1676\/revisions"}],"predecessor-version":[{"id":2085,"href":"https:\/\/teruel2022.congresotaee.es\/index.php?rest_route=\/wp\/v2\/pages\/1676\/revisions\/2085"}],"wp:attachment":[{"href":"https:\/\/teruel2022.congresotaee.es\/index.php?rest_route=%2Fwp%2Fv2%2Fmedia&parent=1676"}],"curies":[{"name":"wp","href":"https:\/\/api.w.org\/{rel}","templated":true}]}}